1257289740?
True
Does 54 divide 397826846?
False
Is 561385314 a multiple of 21?
True
Does 38 divide 51895498?
True
Is 35607220 a multiple of 1426?
True
Does 289 divide 732841064?
False
Is 423 a factor of 125972721?
False
Does 39 divide 198719742?
True
Is 529 a factor of 22315336?
True
Is 3 a factor of 72900716?
False
Is 40032121 a multiple of 192?
False
Does 277 divide 582487899?
False
Does 2272 divide 109446784?
True
Does 38 divide 574393264?
False
Does 144 divide 19789548?
False
Is 38 a factor of 35694388?
True
Is 159608108 a multiple of 11?
True
Is 106 a factor of 678012013?
False
Is 1657 a factor of 20725753?
False
Does 2289 divide 1274459734?
False
Is 515825305 a multiple of 931?
False
Is 3 a factor of 1451821?
False
Is 100 a factor of 117522600?
True
Is 54483465 a multiple of 205?
True
Is 24410135 a multiple of 656?
False
Does 20 divide 52718?
False
Is 242 a factor of 5371428729?
False
Does 57 divide 28949078?
False
Is 1990 a factor of 4744605760?
True
Is 543 a factor of 535352388?
True
Is 15454712 a multiple of 1196?
True
Does 463 divide 35834348?
True
Is 15 a factor of 1406146200?
True
Is 149987052 a multiple of 186?
True
Is 74 a factor of 591577188?
False
Does 8 divide 33287972?
False
Is 442100 a multiple of 11?
False
Is 134 a factor of 107507396?
True
Is 30 a factor of 61562760?
True
Does 91 divide 117181204?
False
Is 28279319 a multiple of 203?
False
Does 284 divide 873829935?
False
Is 40 a factor of 9955080?
True
Is 260360046 a multiple of 43?
False
Is 11253840 a multiple of 7?
False
Is 37 a factor of 1264669879?
True
Does 883 divide 1494919?
True
Is 23 a factor of 16040798?
True
Is 10 a factor of 295160550?
True
Is 498 a factor of 118641030?
True
Is 154 a factor of 253058806?
True
Is 1962392 a multiple of 66?
False
Does 81 divide 711628902?
True
Does 23 divide 1005403737?
False
Does 82 divide 5193706?
False
Is 5 a factor of 2136773915?
True
Does 132 divide 12299957?
False
Is 106 a factor of 78833213?
False
Does 15 divide 14305147?
False
Does 949 divide 17583072?
True
Does 2 divide 11923561?
False
Is 115942190 a multiple of 86?
True
Does 23 divide 608460040?
False
Does 3095 divide 735561987?
False
Is 426906414 a multiple of 22?
True
Does 16 divide 9202766?
False
Is 982 a factor of 9745461?
False
Does 8 divide 11289888?
True
Is 66 a factor of 20679714?
True
Is 30 a factor of 38203440?
True
Is 24763830 a multiple of 282?
True
Is 815531 a multiple of 6?
False
Is 77 a factor of 6551030?
False
Is 8 a factor of 634400608?
True
Does 836 divide 6600220?
True
Is 896408118 a multiple of 46?
True
Is 532433055 a multiple of 99?
False
Is 7 a factor of 791273305?
False
Does 10 divide 1907902785?
False
Is 22 a factor of 11975906?
False
Is 21 a factor of 230204079?
True
Is 865671636 a multiple of 1534?
False
Does 65 divide 2388746?
False
Is 312 a factor of 919950720?
True
Is 1665 a factor of 7558105995?
True
Does 236 divide 71777748?
True
Does 6 divide 28623446?
False
Does 613 divide 233646176?
True
Does 241 divide 6396460?
False
Does 173 divide 27828088?
True
Does 105 divide 114146130?
True
Is 48151064 a multiple of 110?
False
Is 14 a factor of 95452?
True
Is 16 a factor of 47043329?
False
Does 227 divide 434935405?
True
Is 1900 a factor of 9391700?
True
Does 923 divide 538803215?
False
Does 854 divide 517866454?
True
Is 14 a factor of 88892832?
True
Is 43411056 a multiple of 949?
True
Does 109 divide 352296444?
False
Is 16769570 a multiple of 5?
True
Does 177 divide 545546391?
True
Is 3001 a factor of 412292630?
False
Does 3 divide 825748?
False
Is 18 a factor of 826346124?
True
Does 2327 divide 171029266?
False
Is 500506154 a multiple of 1476?
False
Is 67516349 a multiple of 538?
False
Does 32 divide 1611896?
False
Is 18531229 a multiple of 67?
False
Is 832 a factor of 347990292?
False
Does 17 divide 494462234?
False
Is 20584611 a multiple of 27?
True
Does 2216 divide 310028924?
False
Does 28 divide 18125790?
False
Is 1060245028 a multiple of 1908?
False
Does 927 divide 4350411?
True
Is 497428243 a multiple of 24?
False
Is 200 a factor of 354464619?
False
Is 545 a factor of 141094505?
True
Does 48 divide 3424898803?
False
Does 18 divide 472125888?
True
Is 2 a factor of 228847301?
False
Is 1357 a factor of 43159494?
False
Does 611 divide 34575931?
False
Is 622872071 a multiple of 662?
False
Is 11852498 a multiple of 159?
False
Is 1781 a factor of 565746299?
False
Is 81 a factor of 2364059889?
False
Is 2093 a factor of 20009732?
False
Does 33 divide 5459446?
False
Is 161 a factor of 63232911?
True
Is 15 a factor of 713283698?
False
Does 2100 divide 287700?
True
Is 243187980 a multiple of 980?
True
Is 4077482 a multiple of 6?
False
Is 24592089 a multiple of 5?
False
Is 13 a factor of 30624360?
True
Is 1188 a factor of 10551188?
False
Is 26011786 a multiple of 135?
False
Is 19 a factor of 341397496?
False
Is 8756033354 a multiple of 6122?
True
Is 309 a factor of 87964790?
False
Is 10244344 a multiple of 242?
True
Does 2166 divide 49042089?
False
Is 27 a factor of 104552397?
True
Is 1250495849 a multiple of 19?
True
Is 22553769 a multiple of 21?
True
Is 45758752 a multiple of 52?
True
Is 71 a factor of 43191288?
True
Is 8 a factor of 17678596?
False
Does 412 divide 114455182?
False
Does 1766 divide 381288230?
True
Is 8297319 a multiple of 71?
False
Is 76062781 a multiple of 2852?
False
Is 323 a factor of 13310251?
False
Does 4465 divide 1987460800?
True
Is 315818097 a multiple of 214?
False
Is 2459 a factor of 4271464?
False
Does 150 divide 67269300?
True
Does 86 divide 1794724454?
True
Does 36 divide 157515317?
False
Is 63 a factor of 123786621?
True
Does 228 divide 129545479?
False
Is 5495 a factor of 31813537?
False
Is 424433559 a multiple of 1944?
False
Is 185 a factor of 87186495?
False
Does 538 divide 20505290?
False
Does 1253 divide 88656015?
True
Is 1991069 a multiple of 199?
False
Is 1035794353 a multiple of 1288?
False
Does 669 divide 252751702?
False
Is 186 a factor of 61969903?
False
Does 15 divide 40113260?
False
Is 38516778 a multiple of 222?
True
Does 1536 divide 960632832?
True
Is 41 a factor of 81886963?
True
Is 8855940 a multiple of 1974?
False
Does 39 divide 1308791601?
True
Does 3164 divide 1317325072?
True
Is 50 a factor of 17588500?
True
Does 1667 divide 4993631860?
True
Is 15179985 a multiple of 62?
False
Does 17 divide 17435557?
True
Is 348649772 a multiple of 15?
False
Is 396286302 a multiple of 129?
False
Is 107 a factor of 179600035?
True
Is 171 a factor of 480175182?
True
Is 652678892 a multiple of 92?
False
Does 145 divide 39553970?
True
Is 775815736 a multiple of 1229?
False
Does 1057 divide 536777983?
False
Does 6528 divide 404390016?
True
Does 375 divide 1459050750?
True
Is 31 a factor of 16715448?
True
Does 568 divide 9410624?
True
Does 617 divide 3906481?
False
Does 1311 divide 14211240?
True
Is 765137850 a multiple of 30?
True
Is 33 a factor of 898385936?
False
Is 733730868 a multiple of 666?
True
Is 495 a factor of 62615346?
False
Is 48 a factor of 4975497984?
True
Is 202404983 even?
False
Is 868 a factor of 372431892?
True
Is 24 a factor of 36883943?
False
Does 54 divide 12332598?
False
Is 4147 a factor of 148521086?
False
Is 1985 a factor of 287742246?
False
Is 2746288969 a multiple of 8?
False
Is 485 a factor of 6167868?
False
Is 568111358 a multiple of 134?
True
Does 1003 divide 15460279?
False
Is 23676250 a multiple of 250?
True
Is 2567487626 a multiple of 2794?
True
Is 9946229 a multiple of 722?
False
Does 257 divide 4234332?
True
Is 7 a factor of 38567004?
True
Is 51 a factor of 46760791?
False
Is 1423849218 a multiple of 19?
False
Is 678 a factor of 10236444?
True
Does 4 divide 65557723?
False
Does 1171 divide 39587081?
False
Is 181498238 a multiple of 2852?
False
Does 867 divide 13072878?
False
Is 25911613 a multiple of 91?
True
Is 1040 a factor of 170161680?
True
Does 49 divide 126841900?
False
Is 387169869 a multiple of 77?
False
Is 7547961 a multiple of 1168?
False
Is 59 a factor of 221425355?
False
Is 40 a factor of 23061920?
True
Is 386437811 a multiple of 58?
False
Is 71746154 a multiple of 782?
True
Is 73 a factor of 215662878?
True
Is 786782112 a multiple of 12?
True
Is 519 a factor of 6087351?
True
Does 20 divide 9196120?
True
Is 657939107 a multiple of 14?
False
Is 42098255 a multiple of 18